lculate the remainder when s is divided by g.
5
Suppose 0 = -5*k + 216 - 51. Suppose -2*c + c = -k. What is the remainder when c is divided by 12?
9
What is the remainder when 14 is divided by (-1)/((-2)/12*(2 - -1))?
0
Calculate the remainder when 21 is divided by ((-2)/5)/((-6)/180).
9
Let m = -11 - -14. Let t = 6 + -2. What is the remainder when t is divided by m?
1
Suppose -2*h + 22 = -2*r, -4*h + h = 5*r - 57. Calculate the remainder when h is divided by 8.
6
Suppose -2*v + 252 = 2*v - i, 4*i + 16 = 0. Suppose 1 = -o + v. Calculate the remainder when o is divided by 16.
13
Let h be ((-4)/2)/((-6)/(-21)). Let x(i) = i**2 - 2*i - 2*i**2 + 10 - 6*i. Calculate the remainder when x(h) is divided by 9.
8
Let p = 122 + -64. Suppose 2*t = -4, 4*t = -3*i + t + 39. Calculate the remainder when p is divided by i.
13
Let o be -20*1/(-4)*3. Suppose 3*v - v + 15 = 5*j, -v - o = -4*j. Calculate the remainder when (-32)/(-4) + 1 + 0 is divided by v.
4
Calculate the remainder when 24 is divided by (-20)/70 + 186/14.
11
Let u be 2 + 4 + (2 - 3). Suppose 5 = u*w - 0*w. Suppose 5*l = g + w, 13 = 3*g + 2*l - 52. Calculate the remainder when g is divided by 10.
9
Let q(v) = v**3 + 8*v**2 - 2*v - 10. Calculate the remainder when (-80)/12*(-6)/4 is divided by q(-8).
4
Let d be 7 - (-2 + 0/2). Suppose -44 = -5*g + 3*c + c, c + d = g. Calculate the remainder when 62/(((-2)/6)/((-8)/48)) is divided by g.
7
Suppose -31 = 5*z - 86. What is the remainder when 29 is divided by z?
7
Suppose -4*d = -d - 3*s - 384, -s - 3 = 0. Calculate the remainder when d is divided by 16.
13
Suppose 5*m + 13 - 133 = 0. Calculate the remainder when m is divided by 14.
10
Suppose 9*m - 12 = 6*m. Let l be 3 + (0 - (-1 - -1)). Suppose -l*f - 4 + 34 = 0. What is the remainder when f is divided by m?
2
Let l be -2*(-2 - (-8 + 0)). Calculate the remainder when ((-8)/l)/((-1)/(-48)) is divided by 12.
8
What is the remainder when (51/2)/(1/2) is divided by 14?
9
Suppose -3*u + a + 3*a - 3 = 0, -5*u + 9 = -2*a. Suppose -5*t + 3*b + 29 = 0, -43 = -5*t - b - u*b. What is the remainder when 25 is divided by t?
4
Suppose -7*n + 78 = -n. Calculate the remainder when 23 is divided by n.
10
Let w(t) be the first derivative of -t**3/3 - 9*t**2/2 + 3*t - 1. What is the remainder when 33 is divided by w(-7)?
16
Suppose 3*f - 40 = 5*y - 3*y, -y = -4. Calculate the remainder when 94 is divided by f.
14
Let y = 11 + -16. Let q(z) = -5*z - 9. Calculate the remainder when 29 is divided by q(y).
13
Suppose -2*f + 5 = -9. Let q(t) = t - 4. What is the remainder when 8 is divided by q(f)?
2
Let r be 3*(3 - 2) + -3. Let a(w) = w + 14. What is the remainder when 39 is divided by a(r)?
11
Suppose 0 = 5*a - 2*m + 4, -3*a - 8 = -0*a - 4*m. Suppose -3*z + a*p - 2*p = -56, -4*p - 20 = 0. Calculate the remainder when z is divided by 6.
4
Let c = 1 + 58. Let z = -10 + 14. Suppose y - 16 = z. What is the remainder when c is divided by y?
19
Let d = -37 - -39. Let g(r) = 3*r - 3. Calculate the remainder when g(2) is divided by d.
1
Suppose r + 3*f = -3*r + 70, -r = 2*f - 20. Suppose -4*u - 14 = -3*d + 6*d, 5*d - 2*u = -6. Let m = r + d. Calculate the remainder when m is divided by 5.
4
Let a(o) = o**3 - o**2 + 3*o + 6. What is the remainder when 34 is divided by a(0)?
4
Suppose 4*j + j + 49 = 3*u, 0 = -5*u - 5*j + 15. Calculate the remainder when 46 is divided by u.
6
Suppose 0 = 2*q - 60 - 30. What is the remainder when q is divided by 16?
13
Let h = 4 + -3. Let w = -15 - -16. What is the remainder when w is divided by h?
0
Suppose 16*t - 19*t = -33. Suppose 2*h - 5*h = -n - 66, h - 4*n = t. Suppose -1 = -g, 3*p - 4*p - 5*g + 17 = 0. Calculate the remainder when h is divided by p.
11
Let d = 2 + 1. Let x = d - -3. Suppose -70 = -x*y + y. What is the remainder when 40 is divided by y?
12
Suppose -5*i - 20 = 0, -4*v = 21*i - 25*i - 108. Let f = -138 - -227. What is the remainder when f is divided by v?
20
Suppose 0 = -n - m + 8, 3*n - 5*m = -m + 38. What is the remainder when 98 is divided by n?
8
Let d(r) = -r**3 - 2*r**2 - r - 3. Let f = -38 + 69. Suppose -f = 2*n - 5*k, 5*n - 2*k = 3*k - 40. Calculate the remainder when 17 is divided by d(n).
8
Let o be (42/18)/((-2)/12). What is the remainder when 26 is divided by 72/7 - (-4)/o?
6
Let g = -308 + -256. Let q be ((-4)/(-6))/((-4)/g). Suppose 6*z - q = 4*z. Calculate the remainder when z is divided by 12.
11
Suppose -6 = -4*n + 14. Let f be (-2)/3 + 930/45. Let g = f - 8. What is the remainder when g is divided by n?
2
Let i = -8 + 12. Suppose i*f - 122 = 3*m, 0*m = -5*f + 2*m + 149. Calculate the remainder when 55 is divided by f.
26
Suppose 0 = 6*a - a - 25. Suppose 5*b - 65 = -4*c, -c - 3*c + a*b + 15 = 0. What is the remainder when 433/15 - 10/(-75) is divided by c?
9
Let t(c) = 18*c**3 - 2*c + 1. Suppose 3*y = -2*y + 5. What is the remainder when 49 is divided by t(y)?
15
Let f(k) = -k**3 - 10*k**2 + k + 11. Let c be f(-10). What is the remainder when 10 is divided by 2 + c*(4 + 0)?
4
Suppose 0 = 9*y - 14*y + 40. What is the remainder when 14 is divided by y?
6
Let j(m) = 52*m**3. Suppose 3*d - 8*d + 70 = 0. What is the remainder when j(1) is divided by d?
10
Let p(b) = -3*b - 7 + b**3 + 7*b**2 - 6*b - b. What is the remainder when p(-8) is divided by 5?
4
Suppose 0 = 4*a + 273 - 89. Let k = -23 - a. Calculate the remainder when k is divided by (0 + 0)/(-4) - -12.
11
Suppose -2*p + 3*v = -7, -5*v + 3 = 8. Suppose -3*d + 0*d = -m - 16, -p*d + m = -11. Suppose s - 10 = -1. Calculate the remainder when s is divided by d.
4
Let b(o) = o**2 + 3*o - 2. Calculate the remainder when 74 is divided by b(5).
36
Let l be (15/30)/((-2)/(-28)). Let z = l + 21. Calculate the remainder when 83 is divided by z.
27
Let k(o) = o**2 - o. Let l be k(0). Suppose l = -0*a - 3*a. Suppose -3*r + 2 = -r, a = 2*s + 3*r - 49. What is the remainder when s is divided by 12?
11
Let m = -155 + 254. Let t = m + -62. What is the remainder when t is divided by 20?
17
Suppose 0 = w - 3*q + 3, -2*q + 2 = -w - 0*q. What is the remainder when 37 is divided by 3*((-26)/(-6) - w)?
11
Let n = -5 + 123. Calculate the remainder when n is divided by 17.
16
Suppose 0 = -4*l - 2*t - 3*t + 441, 4*l - 4*t - 396 = 0. What is the remainder when l is divided by 36?
32
Let f = -60 - -175. What is the remainder when f is divided by 39?
37
Let u be (-3*(-30)/9)/(-1). Calculate the remainder when 7 is divided by 6/u - 115/(-25).
3
What is the remainder when 8 is divided by (40/6 + -2)/(16/24)?
1
Suppose 2*n - 60 = -4*r, -3*n + n + 2*r + 54 = 0. Calculate the remainder when 43 is divided by n.
15
Let j(i) = i + 11. Let t(f) = -7*f**2 - f - 1. Let k be t(-1). What is the remainder when (2 + 1 + -2)*11 is divided by j(k)?
3
Let z(d) = 2*d**3 - 2*d - 2. Calculate the remainder when z(3) is divided by 8.
6
Let l be (-10)/40 + 781/4. Let w = l - 135. Suppose -6 = -2*i + 36. What is the remainder when w is divided by i?
18
Let q = -4 + 69. Suppose -3*b + 8*b = q. Let d = b + 10. Calculate the remainder when d is divided by 12.
11
Suppose -3*s = -4*y - 69, -3*y + 28 = s + 5. What is the remainder when 90 is divided by s?
21
Suppose 0 = -6*v + 544 - 94. Calculate the remainder when v is divided by 13.
10
Let y(p) = -7*p - 3. What is the remainder when 42 is divided by y(-2)?
9
Let k(v) = 5*v - 3*v - 9 + v. What is the remainder when k(7) is divided by 5?
2
Suppose 2*g = 4*r, -4*r + 28 = 4*g + g. Suppose -5*t + 4*o = -18, -4*o = -0*t + 5*t - 2. Calculate the remainder when t is divided by r.
0
Suppose -m - 2*u + 27 = u, 3*m - 81 = -u. Let b = 5 - -2. Calculate the remainder when m is divided by b.
6
Let s be (-2 - 1/(-1))*-21. Suppose s = 2*h - h. Suppose 8*x = 218 + 102. Calculate the remainder when x is divided by h.
19
Suppose -104 = -4*a + 8. Let m(l) = l**3 + 2*l**2 - 6*l - 6. Let s be m(-4). Calculate the remainder when a is divided by (-7)/s + (-19)/(-2).
8
Let c(o) be the second derivative of -2*o**5/5 - 7*o**4/12 - 5*o**3/6 + 2*o**2 - 2*o. Let b be c(-4). What is the remainder when b/24 - 1/(-3) is divided by 10?
8
Suppose -2*u + 278 = -4*b - 4*u, -b - 97 = -5*u. Let m = b + 106. Suppose -3*h + 20 = -m. Calculate the remainder when h is divided by 10.
8
Let o(m) = 2*m**2 - 3*m + 3. Let k be o(-3). Suppose 3*z + 2*z = k.